5?
35
What is the highest common divisor of 178 and 2225?
89
Calculate the highest common factor of 5407680 and 840.
120
What is the greatest common factor of 3165 and 15705?
15
Calculate the highest common factor of 36 and 36804.
12
What is the greatest common divisor of 26 and 96525?
13
What is the greatest common divisor of 2416 and 1671268?
604
Calculate the greatest common factor of 10160 and 1600.
80
What is the highest common factor of 1651465 and 85?
85
What is the greatest common factor of 75988 and 1694?
242
What is the greatest common factor of 228 and 124754?
38
Calculate the highest common factor of 1862 and 102802.
98
Calculate the highest common factor of 36 and 13788.
36
Calculate the highest common factor of 30368 and 1066.
26
What is the highest common divisor of 1015274 and 51?
17
Calculate the highest common factor of 3315 and 7020.
195
What is the greatest common divisor of 3295 and 423737?
659
What is the highest common divisor of 24831 and 465?
93
What is the highest common divisor of 224 and 253600?
32
What is the highest common divisor of 5988 and 204?
12
Calculate the highest common factor of 620740 and 30.
10
Calculate the greatest common divisor of 1 and 938899.
1
Calculate the greatest common divisor of 2432 and 23808.
128
Calculate the greatest common factor of 12 and 13206684.
12
Calculate the highest common factor of 580173 and 66.
33
What is the highest common divisor of 664 and 5616?
8
Calculate the greatest common divisor of 2388 and 19236.
12
What is the highest common divisor of 2628 and 9000?
36
What is the greatest common factor of 258766 and 218?
218
Calculate the greatest common divisor of 1207 and 20093.
71
Calculate the highest common divisor of 2942 and 3481857.
1471
Calculate the greatest common divisor of 22146 and 174.
6
What is the highest common divisor of 148428 and 14?
14
Calculate the greatest common factor of 17204 and 7667.
187
Calculate the highest common divisor of 255120 and 16.
16
Calculate the highest common factor of 113185 and 10.
5
Calculate the highest common divisor of 96128 and 128.
128
What is the greatest common factor of 826 and 1021349?
413
What is the highest common factor of 15 and 78805?
5
What is the greatest common divisor of 387 and 6309?
9
Calculate the highest common divisor of 19614 and 5754.
42
Calculate the highest common divisor of 35 and 46501.
7
Calculate the greatest common factor of 2241 and 12367.
83
What is the greatest common factor of 92535 and 45?
15
Calculate the greatest common factor of 13 and 1771458.
13
What is the highest common factor of 930069 and 19?
19
What is the highest common factor of 1360 and 214013?
17
Calculate the highest common factor of 38389 and 26.
13
Calculate the greatest common factor of 1140 and 5624.
76
Calculate the greatest common factor of 10959 and 34281.
39
What is the highest common divisor of 74 and 153957?
37
Calculate the highest common divisor of 12644 and 7772.
116
Calculate the highest common factor of 2912 and 14716.
52
Calculate the greatest common divisor of 164964 and 2478.
354
What is the highest common divisor of 10631214 and 198?
198
What is the highest common factor of 70 and 1768550?
70
What is the highest common divisor of 4620 and 133?
7
Calculate the highest common factor of 38640 and 2688.
336
Calculate the greatest common divisor of 18 and 1807254.
18
Calculate the highest common divisor of 63 and 75888.
9
What is the highest common divisor of 143 and 575861?
143
Calculate the highest common divisor of 1730662 and 116.
58
Calculate the greatest common factor of 3592 and 1480.
8
Calculate the greatest common divisor of 2056 and 376.
8
What is the highest common factor of 411946 and 6?
2
What is the highest common divisor of 684 and 1476?
36
What is the highest common divisor of 334653 and 132?
33
What is the greatest common factor of 5043 and 369?
123
Calculate the greatest common factor of 133742 and 41.
41
Calculate the greatest common divisor of 1792 and 98.
14
What is the highest common factor of 29 and 169099?
29
What is the greatest common divisor of 261597 and 6?
3
What is the highest common factor of 111319 and 39?
13
What is the highest common factor of 2418 and 14880?
186
Calculate the highest common divisor of 336 and 492.
12
What is the greatest common factor of 876 and 8997?
3
What is the highest common divisor of 6965 and 33034?
199
Calculate the highest common divisor of 1265 and 11615.
115
What is the greatest common factor of 1448074 and 6?
2
Calculate the highest common divisor of 1368 and 7809.
57
What is the highest common divisor of 384 and 21675?
3
Calculate the highest common factor of 80 and 220.
20
What is the highest common divisor of 59020 and 312?
52
Calculate the greatest common factor of 421274 and 16.
2
Calculate the greatest common factor of 136482 and 2116.
1058
What is the highest common factor of 10127 and 3952?
247
What is the greatest common factor of 35523 and 2313?
9
Calculate the greatest common factor of 37828 and 40768.
196
Calculate the greatest common factor of 30705 and 1265.
115
Calculate the greatest common factor of 233597 and 884.
221
What is the highest common divisor of 48923 and 4579?
241
What is the highest common divisor of 1845 and 466170?
615
Calculate the highest common factor of 20811443 and 971.
971
What is the greatest common factor of 114 and 33573?
57
Calculate the greatest common divisor of 102975 and 200.
25
What is the greatest common factor of 1683 and 25687?
17
Calculate the highest common factor of 115 and 110883.
23
Calculate the greatest common factor of 723160 and 1080.
40
What is the highest common divisor of 166 and 2503778?
166
Calculate the highest common divisor of 22843 and 7327.
431
Calculate the greatest common divisor of 699833 and 1478.
739
Calculate the highest common factor of 654 and 968574.
654
What is the highest common divisor of 102 and 7761894?
102
What is the highest common factor of 10672 and 87?
29
Calculate the highest common factor of 44 and 657778.
22
What is the highest common factor of 137946 and 9141?
831
Calculate the highest common divisor of 1333056 and 786.
786
What is the highest common divisor of 293 and 1022863?
293
Calculate the highest common divisor of 300996 and 9396.
324
Calculate the highest common divisor of 2519942 and 41.
41
Calculate the highest common divisor of 412 and 222892.
412
What is the greatest common factor of 250075 and 1575?
175
What is the greatest common factor of 464386 and 13?
13
Calculate the highest common divisor of 1176998 and 776.
194
Calculate the greatest common divisor of 773 and 81.
1
Calculate the highest common divisor of 146707 and 11.
11
What is the greatest common divisor of 4320 and 420?
60
Calculate the highest common factor of 785343 and 507.
507
Calculate the greatest common divisor of 162788 and 4.
4
Calculate the highest common divisor of 24 and 6036.
12
What is the highest common factor of 2629 and 1023?
11
Calculate the highest common divisor of 46529 and 4508.
161
Calculate the greatest common factor of 64922 and 2860.
286
What is the greatest common factor of 1179 and 9982593?
1179
Calculate the highest common divisor of 151088 and 71.
71
What is the greatest common factor of 822 and 4800891?
411
Calculate the highest common factor of 4 and 59688.
4
Calculate the highest common factor of 3614 and 468.
26
Calculate the highest common divisor of 438532 and 68.
68
What is the greatest common factor of 369 and 15703?
41
Calculate the highest common divisor of 1456 and 2716.
28
Calculate the highest common factor of 6425002 and 38.
38
Calculate the highest common divisor of 230840 and 696.
232
What is the highest common divisor of 1630 and 1380?
10
What is the greatest common divisor of 4292 and 2368?
148
What is the greatest common factor of 144522 and 74?
74
What is the highest common divisor of 970497 and 396?
99
What is the greatest common factor of 27490 and 80?
10
Calculate the greatest common factor of 5133 and 1479.
87
Calculate the highest common divisor of 18858 and 1218.
42
Calculate the greatest common factor of 1710 and 20045.
95
Calculate the greatest common factor of 11840 and 520.
40
Calculate the highest common factor of 75 and 1379075